48 is divided by l(v).
23
Suppose -122 - 158 = -2*q. What is the remainder when q is divided by 18?
14
Let j = 52 - 29. Let c = -16 + j. What is the remainder when (-7)/c + 13*3 is divided by 20?
18
Let s = -42 + 40. Calculate the remainder when 89 is divided by (-1*72/(-28))/(s/(-14)).
17
Let z = -14 - -23. Let u = z - -8. What is the remainder when 47 is divided by u?
13
Suppose -5*d - 3*g + 59 = 0, 4*d - 59 + 4 = -5*g. Suppose d = -2*w + 52. What is the remainder when 104 is divided by w?
20
Suppose -34 = -2*u + 2*f, -f + 3*f = 10. Let g = -80 + 111. Let x = g - u. Calculate the remainder when 15 is divided by x.
6
Let y(k) be the third derivative of k**4/24 + 2*k**3/3 - 2*k**2. Let l be y(-3). Let h = l + 16. What is the remainder when h is divided by 9?
8
Let k = 381 + -351. Suppose -4*o = -37 - 7. What is the remainder when k is divided by o?
8
Let z(j) = -j**2 - 13*j + 60. What is the remainder when 1/(-4) + (-85)/(-4) is divided by z(3)?
9
Calculate the remainder when (7 + -8 + 164/(-3))*-3 is divided by 19.
15
Suppose 2*x - 59 = 21. Suppose d - 58 = 26. Suppose 4*b = -a + d, b - 4*b = -5*a - 63. What is the remainder when x is divided by b?
19
Suppose 4*w - v = 645, -2*v + 475 - 145 = 2*w. Calculate the remainder when w is divided by 7.
1
Let w(h) = -h**3 + 4*h**2 + 8*h - 11. Let k be w(5). Suppose -160 = -k*t - t. What is the remainder when t is divided by 11?
10
Suppose -d - 3*t + 21 = 4, -2*d - 5*t = -33. Suppose 9*b = d*b - 190. What is the remainder when b is divided by 21?
17
Suppose 0 = 23*a - 9*a - 42. Suppose 3*g + 123 = a*k, -4*g + 3*g + 143 = 3*k. Calculate the remainder when k is divided by 24.
22
Let n = -2 - 0. What is the remainder when (-498)/913 - (-3)/(99/1536) is divided by 0 - (-14 - n/1)?
10
Suppose -13*q - 504 = -37*q. Calculate the remainder when 1805 is divided by q.
20
Let y = -343 + 403. Calculate the remainder when y is divided by 9.
6
Suppose 0*t - 15 = 5*t. Let h be 19/(-3) + t/(-9). Let o(w) = w**2 + 4*w + 6. What is the remainder when o(h) is divided by 7?
4
Suppose 113*t - 116*t + 1416 = 0. Calculate the remainder when t is divided by 43.
42
Suppose 962 = 7*o - 445. What is the remainder when o is divided by 16?
9
Let z(y) = -18*y - 1. Let j be z(-1). Let x = j + -36. Let f = x - -32. Calculate the remainder when f is divided by 5.
3
Let w = 237 + -222. What is the remainder when 222 is divided by w?
12
Let c(x) = 69*x**2 - 1. Suppose 0 = -3*p - 1 - 2. Suppose 8*j - 130 = 54. What is the remainder when c(p) is divided by j?
22
Let y = 1886 + -1873. What is the remainder when 122 is divided by y?
5
Calculate the remainder when 1 + 1/1 - -183 is divided by ((-93)/(-15))/((-12)/9*15/(-100)).
30
Suppose 6*n = 3*n - 18. Let w(h) be the third derivative of -h**6/120 - h**5/10 - h**4/6 - 4*h**3/3 + 2*h**2. What is the remainder when w(n) is divided by 9?
7
Suppose 96*p - 57 = 77*p. Let i(g) = g**2 - g + 10. Let m be i(0). Calculate the remainder when p is divided by (-1)/2 + m/4.
1
Let a(w) = w**3 - w**2 + 3*w + 19. Suppose 5*b = 4 + 16. Calculate the remainder when 2/b - 327/(-6) is divided by a(0).
17
Calculate the remainder when (36/30)/((-4)/(-120)) is divided by 35.
1
Let w(m) = 83 - 83 + 3*m + m**2. Let b be w(-4). Suppose -3*q + 41 = -b. What is the remainder when 25 is divided by q?
10
Let r = 11 - 3. Let k(c) = c**2 + 6*c + 22. Let f be k(-10). Suppose 0 = -4*p + d - 10 + f, -d + 18 = p. Calculate the remainder when p is divided by r.
6
Let t = -12 - -20. Suppose t = n - 8. Calculate the remainder when ((-122)/8)/((-1)/4) is divided by n.
13
Let n(l) = 3*l**2 + 2*l - 2. Let i(h) = -h. Let q(j) = i(j) + n(j). Let y be q(-2). What is the remainder when (-32 - y)*1/(-2) is divided by 8?
4
Let r = -1252 - -1269. What is the remainder when 305 is divided by r?
16
Let y = 150 + 145. What is the remainder when y is divided by 8?
7
Let l(k) = -k**3 + 7*k**2 + 6*k + 1. Calculate the remainder when l(6) is divided by 1/(99/(-20) - -5).
13
Suppose 3*y + 27 = o, o = 2*y - 3*o + 8. Let q be (6/10)/((-2)/y). Suppose q*w - 29 = 61. What is the remainder when 57 is divided by w?
27
Let z = 71 - 41. Calculate the remainder when z is divided by (-31570)/(-1650) - 6/45.
11
Suppose -3 = m - 0. What is the remainder when 2 + 2 - (m + 2) is divided by 2?
1
Suppose -6 = -2*n - n. Let h(v) = 3*v**3 - 2*v**2 - 4*v + 4. What is the remainder when 46 is divided by h(n)?
10
Calculate the remainder when (14/(-10))/7*-355 is divided by 19.
14
Suppose 285 = -7*g + 10*g. Suppose -7*c + g = -59. What is the remainder when 87 is divided by c?
21
Suppose -2 = 4*h - 18, 4*f + 2*h = 32. Suppose -3*p = -f*p + 15. Suppose 2*j = -p*a + 77, 4*a + j = 3*a + 13. Calculate the remainder when 65 is divided by a.
14
Let u(g) = 17*g - 1. Suppose 6*f = f + 10. Let x = 4 - f. Calculate the remainder when u(x) is divided by 12.
9
Suppose 14*f - 20*f + 246 = 0. Calculate the remainder when 76 is divided by f.
35
Calculate the remainder when 1625 is divided by (7*8/(-140))/((-2)/370).
71
Let s(b) = b**2 - 6*b - 43. What is the remainder when s(14) is divided by 12?
9
Let w(j) = j**3 + 15*j**2 + 20*j - 3. Let c be w(-10). Let n = c + -174. Calculate the remainder when n is divided by 14.
11
Let p(c) = -c**2 + 29*c - 45. Let k be p(19). Suppose 5*y - 69 = -4*o + 47, 2*y = 5*o - k. What is the remainder when o is divided by 12?
5
Let q(k) = 3*k + 15. Let t be q(-8). Let b = -38 - -105. What is the remainder when b is divided by -3*(-3)/t*-23?
21
Calculate the remainder when (-3 - 14/(-5))*-1315 is divided by 8.
7
Suppose -2*b = 3*k - 75, -5*b - 100 = -6*k + k. Suppose -3*c + o = 2*o - k, -33 = -5*c + o. Let m = 3 + c. Calculate the remainder when m is divided by 3.
1
Suppose -2*m + 120 = p, -3*m + 181 = p + p. What is the remainder when 227 is divided by m?
50
Let l be (-13 - -10) + -4 + 1. Let b(x) = 3*x + 4. Let j(y) = y. Let t(i) = l*j(i) + b(i). What is the remainder when t(-6) is divided by 6?
4
Suppose 4*s = -3*i + 151, 5*i - 216 = s + 5. Calculate the remainder when 109 is divided by i.
19
Suppose -2*q - 2*q = 156. Let n be (-130)/q*(1 - -8). Let g = 32 - n. Calculate the remainder when 4 is divided by g.
0
Let q be (3/2)/(-3)*(-66 - 2). Suppose 0 = -4*c - 5*l + 66, 0 = 2*c - 3*l + 5*l - q. What is the remainder when c is divided by (-58)/(-6) - 4/(-12)?
9
Let t(u) = u**3 - 21*u**2 - 23*u + 48. Calculate the remainder when 53 is divided by t(22).
1
Let x = -10 - -13. Suppose x*i = 68 + 37. What is the remainder when i is divided by 6?
5
Suppose -71 = -5*k + 3*x + 95, -4*k + 4*x + 136 = 0. What is the remainder when 93 is divided by k?
29
Let x(g) = -g**3 - 2*g**2 + 9*g + 9. Let n be x(-4). What is the remainder when (-183 + n)/(1 - 3) is divided by 19?
13
Let g = 29 - 20. Let j be (-2)/g - 438/(-27). What is the remainder when 1 + 0 - (0 - j) is divided by 10?
7
Let n be -3 + -2 + 21/1 + 2. Calculate the remainder when n/54 - (-167)/3 is divided by 30.
26
Suppose 72*x = 5393 + 3175. What is the remainder when x is divided by 14?
7
Let a(q) = -q + 8. Let p be a(6). Let o = p + 7. Let k(d) = d + 6. Calculate the remainder when o is divided by k(0).
3
Suppose -4*g - 185 = -p - 50, -4*p + 3*g = -501. Suppose 2*x = -5*b + p, 135 = 4*b + b + 5*x. What is the remainder when 109 is divided by b?
17
Suppose 3*k = 2*i - 12, 6*i + k - 30 = i. Suppose 2*s - 20 = 6*s. Let a = s - -9. What is the remainder when i is divided by a?
2
Suppose -4*n - 21 = -73. Suppose -3*u - 80 - 31 = 0. Calculate the remainder when u*(-3 - (0 + -3 - -1)) is divided by n.
11
Let a = 0 - -3. Suppose -2*k + 7 = a. What is the remainder when (40 - 26) + 1 + -5 is divided by k?
0
Let f(v) = -3*v + 3. Let k be f(2). Let s be 4 + (-1 - k) + -1. Suppose s*y = -y + 24. Calculate the remainder when 6 is divided by y.
2
Let q = -1963 - -1968. Suppose -90 = -2*u - 4*z, z = 3*u + 5*z - 131. Suppose u = 4*b + 13. What is the remainder when b is divided by q?
2
Let y(t) = t**3 + 7*t**2 - 8*t + 2. Let s be y(-9). Let a = s - -175. What is the remainder when a is divided by 15?
12
Let p(l) = -8*l. Suppose 98*d - 102*d = -120. What is the remainder when d is divided by p(-2)?
14
Suppose q - 2*j - 105 = 0, -3*q - 125 = -4*q - 2*j. Suppose 25 = -5*l + 170. What is the remainder when q is divided 